{"id":17,"date":"2026-02-13T10:04:41","date_gmt":"2026-02-13T10:04:41","guid":{"rendered":"https:\/\/konfigurator.lionstackailab.hu\/?page_id=17"},"modified":"2026-02-13T10:10:13","modified_gmt":"2026-02-13T10:10:13","slug":"lakaskonfigurator","status":"publish","type":"page","link":"https:\/\/konfigurator.lionstackailab.hu\/","title":{"rendered":""},"content":{"rendered":"        <div class=\"housing-login-required\">\n            <div class=\"login-required-icon\">\n                <svg xmlns=\"http:\/\/www.w3.org\/2000\/svg\" width=\"64\" height=\"64\" viewBox=\"0 0 24 24\" fill=\"none\" stroke=\"currentColor\" stroke-width=\"1.5\" stroke-linecap=\"round\" stroke-linejoin=\"round\">\n                    <rect x=\"3\" y=\"11\" width=\"18\" height=\"11\" rx=\"2\" ry=\"2\"><\/rect>\n                    <path d=\"M7 11V7a5 5 0 0 1 10 0v4\"><\/path>\n                <\/svg>\n            <\/div>\n            <h2>Bejelentkez\u00e9s sz\u00fcks\u00e9ges<\/h2>\n            <p>A lak\u00e1skonfigur\u00e1tor haszn\u00e1lat\u00e1hoz k\u00e9rj\u00fck, jelentkezz be a fi\u00f3kodba.<\/p>\n            <a href=\"https:\/\/konfigurator.lionstackailab.hu\/?page_id=14\" class=\"login-required-btn\">\n                Bejelentkez\u00e9s\n            <\/a>\n        <\/div>\n        \n\n\n\n<p><\/p>\n","protected":false},"excerpt":{"rendered":"","protected":false},"author":1,"featured_media":0,"parent":0,"menu_order":0,"comment_status":"closed","ping_status":"closed","template":"","meta":{"footnotes":""},"class_list":["post-17","page","type-page","status-publish","hentry"],"_links":{"self":[{"href":"https:\/\/konfigurator.lionstackailab.hu\/index.php?rest_route=\/wp\/v2\/pages\/17","targetHints":{"allow":["GET"]}}],"collection":[{"href":"https:\/\/konfigurator.lionstackailab.hu\/index.php?rest_route=\/wp\/v2\/pages"}],"about":[{"href":"https:\/\/konfigurator.lionstackailab.hu\/index.php?rest_route=\/wp\/v2\/types\/page"}],"author":[{"embeddable":true,"href":"https:\/\/konfigurator.lionstackailab.hu\/index.php?rest_route=\/wp\/v2\/users\/1"}],"replies":[{"embeddable":true,"href":"https:\/\/konfigurator.lionstackailab.hu\/index.php?rest_route=%2Fwp%2Fv2%2Fcomments&post=17"}],"version-history":[{"count":2,"href":"https:\/\/konfigurator.lionstackailab.hu\/index.php?rest_route=\/wp\/v2\/pages\/17\/revisions"}],"predecessor-version":[{"id":24,"href":"https:\/\/konfigurator.lionstackailab.hu\/index.php?rest_route=\/wp\/v2\/pages\/17\/revisions\/24"}],"wp:attachment":[{"href":"https:\/\/konfigurator.lionstackailab.hu\/index.php?rest_route=%2Fwp%2Fv2%2Fmedia&parent=17"}],"curies":[{"name":"wp","href":"https:\/\/api.w.org\/{rel}","templated":true}]}}